1)?
2, 3, 31
Let z(x) = 3*x**2 + 7*x - 96. What are the prime factors of z(13)?
2, 251
Let x(c) be the second derivative of 35*c**4/4 - 2*c**3/3 - 2*c**2 + 22*c. What are the prime factors of x(-1)?
3, 5, 7
Let i(j) = 69*j - 12. Let r = 38 - 35. Let x be i(r). Suppose -5*t + 2*t = -x. List the prime factors of t.
5, 13
Let y(u) = u**2. Let r(g) = -g**2 + g - 2. Let b(z) = r(z) + 4*y(z). List the prime factors of b(1).
2
Let l be ((-162)/2)/(6/(-4)). Suppose -3*m - 4*v = -l, 5*m - 67 = 3*v - 2*v. What are the prime factors of m?
2, 7
Let l(d) = -2*d**2 + 7*d - 4. Let x be l(6). Let f = -45 + 102. Let y = x + f. List the prime factors of y.
23
Let b(j) = -j**2 + 14*j - 10. Let g be b(13). Let h be ((-2)/g)/((-42)/945). Suppose 0 = -2*z + 7*z - h. What are the prime factors of z?
3
Let q(t) = -38*t**2 + 11*t + 23. Let d be q(-4). Let o = d + 923. What are the prime factors of o?
2, 3, 7
Let l be ((-87)/12 - -2)*-4. Let w = 269 + -188. Suppose j = 3*y - w, 3*j = y - l - 14. List the prime factors of y.
2, 13
Suppose 0 = 3*u - 4*w - 692, 0 = 4*u + 4*w - 387 - 545. What are the prime factors of u?
2, 29
Suppose -6*v + j = -v - 15, 2*v = -2*j + 6. Let a(n) = n**2 - 10*n - 2. Let x be a(12). Suppose v*i - 44 = x. What are the prime factors of i?
2, 11
Let t(w) = 4*w**3 - 2*w**2 + 4*w - 2. Let z be t(1). Suppose 0*l = -5*l + x + 117, -60 = -2*l - z*x. List the prime factors of l.
2, 3
Suppose 3*h = -4*r - r + 4469, -3 = -h. List the prime factors of r.
2, 223
Let q(r) = -r**3 - 5*r**2 + 5*r - 17. Let l be q(4). List the prime factors of -2*l/3 - 3.
7, 13
Let o = -645 - -4210. What are the prime factors of o?
5, 23, 31
Let q = 20 + -24. Let i be (2 - 8)*q/(-12). What are the prime factors of (1 + 1)/(i/(-53))?
53
Suppose -2024 = -3*g + d, 2*g + 0*d + 4*d - 1326 = 0. List the prime factors of g.
673
Let z(y) = -y**3 + 4*y**2 - 4*y + 3. Let p be z(2). Suppose -5*f + 1010 = -2*j - p*j, 848 = 4*f + 4*j. What are the prime factors of f?
3, 23
Suppose 0 = -z + 5*k - 2*k - 1020, -3*z + 2*k = 3032. Suppose u - 198 = -u. What are the prime factors of 4/(-22) - z/u?
2, 5
Suppose -3470 = -3*q - 2*k, -17 = -5*k + 3. List the prime factors of q.
2, 577
Suppose 9106 = 4*l - 2*t, -4*l - 4555 = -6*l + 3*t. What are the prime factors of l?
2, 569
Let j(x) = 15*x**2 + 8*x - 24. List the prime factors of j(-14).
2, 701
Let w(j) = -j + 38. Let q be w(16). Suppose 4*m = 62 + q. Let r = 31 - m. List the prime factors of r.
2, 5
Let o be 3/((-9)/(-2 - 1)). Let h be o - (5*12 - 3). Let q = -34 - h. What are the prime factors of q?
2, 11
Let u(r) = r**2 - 2*r - 7. Let p be u(6). Let v = -15 + p. Suppose v*a = 7*a - 65. List the prime factors of a.
13
List the prime factors of (456110/(-255))/((-3)/((-9)/(-2))).
2683
What are the prime factors of (1002/(-5))/((-48)/720)?
2, 3, 167
Let b = -35 - -39. Suppose -5*u = i - 11 - 8, -1 = -b*i + 5*u. Suppose 70 = 5*y + i*f, 0*f + 2*f = 0. What are the prime factors of y?
2, 7
Let v(k) be the second derivative of -k**5/20 - k**4/4 - 5*k**3/6 - k**2 + k. Let d be v(-3). Suppose -3*m - d = -55. What are the prime factors of m?
2, 7
List the prime factors of 12/21 - (-3216)/7.
2, 5, 23
Let l be -1 + 1 - 40/(-20). Suppose 0 = l*i - 10, 0*y - 3*i = -4*y + 9. Suppose -6 = m - 4*m, 5*m + y = u. List the prime factors of u.
2
Suppose i - y - 327 = -4*i, -270 = -4*i + 5*y. List the prime factors of i.
5, 13
Let f be 4*(-2)/((-32)/284). Suppose -n = -2*h - f, 4*n + 4*h - 341 = -n. List the prime factors of -1 + (-3 - n)/(-3).
23
Let j(k) = 12*k**3 - 2*k - 1. Let w be j(2). Suppose 10*v = 9*v + w. Suppose 3*m = -4*h + 17 + v, -4*m = 3*h - 81. What are the prime factors of h?
3
Let b be (-2 + 3 - -5) + 3. Let x(w) be the third derivative of w**4/6 - w**2. What are the prime factors of x(b)?
2, 3
Let i(b) = b**2 - 22*b - 36. List the prime factors of i(-9).
3
Let q be 3*((1 - -2) + -2). Suppose 15 = q*h - 2*a, 5*h - a = -0*h + 18. Suppose -37 = -h*l - 13. What are the prime factors of l?
2
Let x(u) = 10*u + 109. List the prime factors of x(10).
11, 19
Let y(c) = -c**3 - 4*c**2 + c + 8. Let t be y(-4). Let j(b) = -b**3 + 7*b**2 + 2*b - 2. List the prime factors of j(t).
2, 3
Suppose -5*r = -5*a + 615, 264 = a + a + 4*r. Let i = -90 + a. List the prime factors of i.
2, 3
Let n be 20 - 1/((-3)/9). Suppose 26*q - 531 = n*q. List the prime factors of q.
3, 59
Let g(p) be the second derivative of -p**3/2 - p**2 - 3*p. Let s be g(-2). Suppose 2*q + 15 = m + 3*q, s*q - 26 = -2*m. List the prime factors of m.
17
What are the prime factors of (-30)/9*(-10944)/80?
2, 3, 19
What are the prime factors of (672/(-70))/12*(-386 - -1)?
2, 7, 11
Let f(l) = -l**3 + 2*l. Let s be f(0). Suppose s = -2*z - 2*z - 3*a + 1173, -1213 = -4*z + 5*a. What are the prime factors of z?
3, 11
Let u = 358 - -102. Suppose 37 = z - 3*f - 63, -4*z - 3*f + u = 0. List the prime factors of z.
2, 7
Suppose -10*g - 177 = -f - 9*g, -5*g = 0. List the prime factors of f.
3, 59
Suppose 16*z - 9*z - 49 = 0. Suppose 134 = z*a - 139. What are the prime factors of a?
3, 13
Let c = -3 + 4. Let s(f) = -f**2 - f - 5. Let v be s(-2). What are the prime factors of -2*c*(-15 - v)?
2
Let z = 1713 - 1517. List the prime factors of z.
2, 7
Suppose 6503 = 6*b - 277. What are the prime factors of b?
2, 5, 113
Let p = 2277 - 1076. What are the prime factors of p?
1201
Let c = 1250 + -720. Suppose -7*g + c = -2*g. What are the prime factors of g?
2, 53
Suppose -4*g + 2*a + 8 = 0, 0 = -5*a + a - 16. Suppose g*s - 3*s - p = -295, -2*p + 299 = 3*s. List the prime factors of s.
97
Let v = -34 - -39. What are the prime factors of 49 + v/(5/3)?
2, 13
Let g(b) = 24*b**3 - b**2 - b + 1. Let o be (-1)/(-2) + (-5)/(-10). Let k be g(o). Suppose -27 = -2*v + j, -3*v + 5*v - 5*j = k. List the prime factors of v.
2, 7
Suppose -c = 5*x - 12242, 6*c + 12236 = 5*x + 9*c. List the prime factors of x.
31, 79
Let w = -87 + 91. What are the prime factors of (15 - -3)*(54/w + -4)?
3, 19
Let s(z) = -3*z**3 - 2 + 4*z**3 - 4 - 5*z**2 - 3*z. Let f be s(6). Suppose -3*l - f = 0, -k = -2*k + 2*l + 37. What are the prime factors of k?
29
Let y be -4 + 471*3/9. Suppose y = 3*x - 4*h, -3*x + h - 2*h + 138 = 0. List the prime factors of x.
47
List the prime factors of (-10)/15*-1167 - (3 - 8).
3, 29
List the prime factors of 11082/39 + (-12)/78 - 4.
2, 5, 7
Let o(b) = b**3 + 11*b**2 - 4*b - 16. Suppose 0 = 4*i - j + 22, -4*j = 5*i - j + 36. Let q = -17 - i. What are the prime factors of o(q)?
2, 7
Let p(u) = u**3 + 14*u**2 + 16*u - 9. Suppose -w - q + 0*q = 10, w = -4*q - 4. What are the prime factors of p(w)?
3, 29
Let h be -1 + -2 + 158 + -1. Suppose h = 3*j - g, -j - g + 63 = g. What are the prime factors of j?
53
Let k be 120/54 - 2/9. Suppose b = 4*f - b + 4, b - 2 = -k*f. Suppose 4*o - 21 - 47 = -h, f = -2*o - 5*h + 52. List the prime factors of o.
2
Suppose -2*g + 2 = -n, 3*n - 2*g = 2 - 4. Suppose 3*s + 18 - 87 = n. What are the prime factors of s?
23
Suppose b + 3*b = 24. Suppose -p = -b*p + 20. List the prime factors of (-30 + p)/(1 + -3).
13
Let o(c) be the second derivative of -c**3/6 + c**2/2 - 5*c. Let v be o(2). List the prime factors of -5*v/((-1)/(-2)).
2, 5
Let z(v) = -2*v**3 - 3*v**2 + 4*v + 1. Let f(i) = -i**2 + 7*i - 9. Let a be f(6). What are the prime factors of z(a)?
2
Suppose 5*f + i = 179, f - 30 = -2*i + 4. Let x = 0 + f. What are the prime factors of x?
2, 3
Let j(r) = -74*r**3 - r**2 - 6*r - 4. What are the prime factors of j(-2)?
2, 149
Let l be (1*-15)/((-3)/2). Let q be ((-4)/(-5))/(4/l). Suppose -8 = -q*t, -t - 44 = -2*c - 4*t. What are the prime factors of c?
2
Let z(w) = -w**2 + 6*w - 5. Let m be z(4). Suppose 0 = m*x - f - 142, 3*x = 7*x - 3*f - 186. What are the prime factors of x?
2, 3
Suppose -2*i + 13 + 17 = 0. Let q be 32/i - 32/240. Suppose y = q + 37. List the prime factors of y.
3, 13
Let f(h) = h**2 + 15*h + 19. Suppose 179 - 43 = -8*d. List the prime factors of f(d).
53
List the prime factors of 6572/16 + 5/20.
3, 137
Let t be 18/5*20/6. Let p be 6*(-20)/18*t. What are the prime factors of (-2)/9 + p/(-36)?
2
Suppose -2249 = -7*d - 681. List the prime factors of d.
2, 7
Let q(i) = -8*i**2 + 2*i + 1. Let f be q(-1). Let x = f - -21. Suppose 3*j - x = 2*j. List the prime factors of j.
2, 3
Let